 the prime factors of (6/6)/(((-8)/2)/(-20428)).
5107
Let z(l) = -3*l + 13. Let u(q) = -4*q**2 + 3*q + 3. Let s be u(-1). List the prime factors of z(s).
5
Let v be (-6)/3 - (-3 + -3). Suppose 3*l - v*h = 6, l - 2*h = -4*l - 4. List the prime factors of 46*((-1)/l - 0).
23
Let s(f) = -f**2 + 40*f - 135. What are the prime factors of s(11)?
2, 23
Let y(j) = -j**3 + 61*j**2 + 64*j - 127. Let i be y(62). Suppose -3*u - 56 = c, 4*u + 2*c + 33 = -43. Let n = i - u. What are the prime factors of n?
3, 5
What are the prime factors of 171/(-1)*(-5 + (4 - 4))?
3, 5, 19
Suppose 2*n + 12835 = 5*i, -5*i = 3*n + 7457 - 20292. What are the prime factors of i?
17, 151
Let d(f) be the first derivative of f**3/3 + f**2/2 + 6*f + 7. Suppose 5*z = 4*z. What are the prime factors of d(z)?
2, 3
Suppose -55080 = -67*k - 16421. What are the prime factors of k?
577
Let x(h) = -17 - 13*h**2 + 4*h**3 - 4*h**3 + 18*h + h**3. Let z be x(12). Let u = z + -20. List the prime factors of u.
5, 7
Let m be 2/6 + (-3 - (-218)/(-6)). Let a = m + 86. What are the prime factors of a?
47
Suppose 2*y - 42 = -0*y. Let c = 17 - y. Let n = c - -9. List the prime factors of n.
5
Suppose h + 5*i + 18 = i, 0 = -3*h + i + 11. Let o be 497/9 - 2/9. Suppose -7*q + h*q + o = 0. List the prime factors of q.
11
Let q(g) = g**3 - 10*g**2 + 11*g - 8. Let j(o) = 3*o**3 - 29*o**2 + 32*o - 25. Let f(y) = -2*j(y) + 7*q(y). What are the prime factors of f(11)?
2
Suppose 7*j - 7927 - 3973 = 0. List the prime factors of j.
2, 5, 17
Let z(f) = -13*f - 1. Let u be z(-1). Suppose 4*w = -4*m - 48, m - 2*w + 12 = -0*w. What are the prime factors of 3/u*-2*m?
2, 3
Let y be -14*(-4)/(16/(-10)). Let x be (y/(-21))/(1/3). Suppose 0 = -x*z - 2*b + 172, -5*b + 9 = 2*z - 64. What are the prime factors of z?
2, 17
Suppose -3*n + 3174 = 20*n. What are the prime factors of n?
2, 3, 23
Suppose -2*v - 12*t = -8*t - 4354, -2*v + 4366 = t. List the prime factors of v.
5, 19, 23
Suppose 4*w - 1 = 3*w. Let b be 2*w*20/8. Suppose -3*x - 110 = -b*q, -2*x + 45 = 2*q + 1. List the prime factors of q.
2, 11
Let a(q) be the first derivative of 19*q**2/2 + 17*q + 29. What are the prime factors of a(4)?
3, 31
Suppose 7 = s + 3. Suppose 0 = s*a - 0*a + 4*m - 716, 0 = 3*a - 2*m - 557. What are the prime factors of a?
3, 61
Let q = -65 - -172. Let t = q - 30. List the prime factors of t.
7, 11
Let y be 6/(-30) + (-2)/(-10). Suppose 2*m + 0*m = -4*s + 70, 3*m + 4*s - 95 = y. What are the prime factors of m?
5
Let p be ((-3)/2)/(45/(-510)). Suppose -11 = -y + p. List the prime factors of y.
2, 7
Suppose 3570 = 3*l - l. Suppose -7*y = 462 - l. What are the prime factors of y?
3, 7
Suppose 0*d = -d. Suppose -12 = 2*m + 4*t, -2*m = -t - d*t - 8. Suppose 0 = m*u - 20 - 4. List the prime factors of u.
2, 3
List the prime factors of 12 + (-8 - -2021 - 0).
3, 5
Let s(f) = 4 + 3*f**2 + f - 4. Let g be s(1). List the prime factors of (g - (-2 - -3))*12.
2, 3
Suppose -5*m + 0*m = q + 3856, -2*q + 3096 = -4*m. What are the prime factors of m/(-6) + -2*(-7)/(-21)?
2
Suppose 3*r - 176 = 2*r + 4*g, 0 = 5*r + 5*g - 1005. Suppose -3*j + m = -0*m - 280, -2*j - 4*m = -r. What are the prime factors of j?
2, 47
Suppose -4*a + 4085 = t, -598 - 1448 = -2*a - 4*t. What are the prime factors of a?
1021
Let u(z) = -z + 5*z**2 - 3*z**2 - z**2 + 24*z**3. Let x be u(1). What are the prime factors of (x + -3)/(2 + -1)?
3, 7
Let t(z) = 25*z**2 - 19*z + 1. Let y be t(-2). Let o(r) = 2*r + 9. Let q be o(-6). List the prime factors of y/4 - q/12.
5, 7
Let a = -62 + 5. List the prime factors of (-3 + 0)/((-227)/a + -4).
3, 19
What are the prime factors of (-8 + 5)/((-1)/601)?
3, 601
Suppose 4*a = -4*x - 0*a + 2488, 3 = -a. List the prime factors of x.
5
Suppose 0 = -3*o + 8 + 1. Suppose -3*y = 5*c - 214, -o*c + 3*y + 50 = -2*c. What are the prime factors of c?
2, 11
Suppose -14*y + 616 = -10*y. Let h = y + -76. List the prime factors of h.
2, 3, 13
Let r(i) be the second derivative of -2*i**3/3 - 7*i**2/2 - i. Let u be r(6). Let v = -4 - u. What are the prime factors of v?
3
List the prime factors of 862 + -2 + 5/(5/2).
2, 431
Let b(k) = 6*k - 76. Let q be b(0). What are the prime factors of -1 - (q - 3/(-3))?
2, 37
Let u = 13 - 9. Suppose -u*k = 4*x - 20, -3*x + 15 = 2*k - 0*k. Let t = x + 2. What are the prime factors of t?
7
Suppose -4*q - 450 = 2*b - 6802, -4*q + 6340 = -4*b. List the prime factors of q.
3, 23
Suppose -5*b = 2*l + 495, -3*b + 0*b - 271 = -4*l. Let d = 68 + b. Let o = d - -53. What are the prime factors of o?
2, 3
Suppose 0 = -4*r - p + 6567, -3*r + 7702 = -2*p + 2785. What are the prime factors of r?
3, 547
Let k be (10/5*2 + -1)*-3. Let d(t) = 10*t**2 - 5 + 3*t + 2*t**3 - t**3 - 4. List the prime factors of d(k).
3, 5
Let g(f) = 3*f - 10. Let y be g(-4). Let w = 11 - y. What are the prime factors of w?
3, 11
Let h = -111 + 339. What are the prime factors of h?
2, 3, 19
Let c = -745 + 961. What are the prime factors of c?
2, 3
Let k be ((-1 - -2) + -2)/((-12)/(-60)). Let c(l) = -27*l - 18. What are the prime factors of c(k)?
3, 13
Let z(c) = 6*c**2 + 7*c + 4. Let w = -51 - -46. What are the prime factors of z(w)?
7, 17
Suppose 15 = 9*y - 6*y. Suppose y*h - 342 = -77. List the prime factors of h.
53
Suppose -3*p + 3*x - 2*x + 21 = 0, 4*x + 28 = 5*p. List the prime factors of ((-164)/p)/((-2)/4).
41
Suppose 25 = m + 3*d, 2*m = 4*d - d + 50. Suppose m = 4*u + 4*q - 43, -3*q - 9 = 0. List the prime factors of u.
2, 5
Suppose r - 9 = 4*r - 3*a, -3*r + 31 = 5*a. Let p(o) = -3*o**2 + 6 + 9*o**r + 2*o**2 + 9*o - 7*o**2. What are the prime factors of p(-13)?
2, 29
Suppose 0 = -196*d + 206*d - 3810. What are the prime factors of d?
3, 127
Suppose l = 6*l - 20. Suppose 9 - 33 = l*m. What are the prime factors of 4/(-12)*m + 31?
3, 11
Let m = -2 - -5. Suppose 87 = m*v - 2*i - 136, 0 = 5*i - 5. List the prime factors of v.
3, 5
Suppose -11*v = -4*v - 616. Suppose 4*h - v = -l, 5*h = 2*l - 2 - 135. List the prime factors of l.
2, 19
Let r be 9/(3/9 - 0). Let i(w) = 39 - 6*w - 40 + r*w. List the prime factors of i(1).
2, 5
Let y(p) = p**3 - 10*p**2 - 9. Let n be y(8). Let l = -96 - n. Suppose -r + l = -4*w, -125 = -5*r + 5*w + 5. List the prime factors of r.
3, 7
Let f be 6/(-4)*(-8)/(-6). Let u(a) = -9*a**3 - 3*a**2 - 2*a + 5. List the prime factors of u(f).
3, 23
Let w = -1639 + 1714. What are the prime factors of w?
3, 5
Suppose 3*v - 1600 = -4*l, 2*v - 1090 = -0*v + 2*l. List the prime factors of v.
2, 3, 5
Let m be (2 - 125)*((-20)/(-6) + -3). What are the prime factors of m/(-2)*4 + -5?
7, 11
Suppose -3*m = -4*m + 3. Suppose m*g - 131 = 5*r + 17, -3*g + 118 = r. List the prime factors of g.
41
Let z = 333 - 36. List the prime factors of z.
3, 11
Suppose -5318 = -10*b - 118. What are the prime factors of b?
2, 5, 13
Suppose -4*c + 63 - 59 = 0, 914 = 3*n - c. List the prime factors of n.
5, 61
Let y(q) = -3*q + 62. Let f be y(19). What are the prime factors of f - (-18)/(-12)*-98?
2, 19
Suppose 58 + 22 = 8*m. Suppose -4*n - 5*v + 44 = 0, 0*v - v = -3*n + 14. Let o = n + m. What are the prime factors of o?
2
Suppose 6*l + 11 + 13 = 0. Let p be (l/(-10))/((-3)/(-90)). Let y = p + -7. List the prime factors of y.
5
Let v(n) = 0*n**2 - 9*n + 6*n + 5*n**2 + 3*n**2 + n**3. What are the prime factors of v(-8)?
2, 3
Let f(u) = u**3 + 4*u**2 - 4*u - 7. Let i be f(-5). Let a be ((-8)/i)/(2/321). Suppose -v = -4*h + a, 4*h + 37 - 129 = -4*v. List the prime factors of h.
2, 13
Suppose 4*z - 3*z = 3*a - 2031, -2*a + 1346 = 2*z. List the prime factors of a.
2, 13
Suppose 33 = 2*b - 5*z + 2*z, -2*b - z + 53 = 0. What are the prime factors of b?
2, 3
Let t = 6431 - 4049. What are the prime factors of t?
2, 3, 397
Let s(t) be the first derivative of 5*t**3 - 2*t**2 - 3*t + 2. Let u be s(-2). Suppose -5*o + u = -50. List the prime factors of o.
23
What are the prime factors of ((-21)/7)/(6*(-4)/5960)?
5, 149
Let a(j) = -j - 8. Let g be a(7). Let v(i) = i**3 + 14*i**2 - 15*i - 20. Let m be v(g). Let b = -9 - m. List the prime factors of b.
11
Let j(t) = -28*t**3 + 4*t**2 + t - 8. List the prime factors of j(-4).
2, 461
Let p = 572 + 362. List the prime factors of p.
2, 467
Let z(w) be the second derivative of 0 + 1/12*w**4 - 3/2*w**2 + 2*w - 1/3*w**3. What are the prime fac